{"id":445,"date":"2025-04-18T10:44:59","date_gmt":"2025-04-18T08:44:59","guid":{"rendered":"https:\/\/prestiz.uwb.pl\/?page_id=445"},"modified":"2025-05-22T16:04:52","modified_gmt":"2025-05-22T14:04:52","slug":"zarzadzanie-najmem","status":"publish","type":"page","link":"https:\/\/prestiznieruchomosci.pl\/index.php\/zarzadzanie-najmem\/","title":{"rendered":"Zarz\u0105dzanie najmem"},"content":{"rendered":"\t\t<div data-elementor-type=\"wp-page\" data-elementor-id=\"445\" class=\"elementor elementor-445\" data-elementor-post-type=\"page\">\n\t\t\t\t<div class=\"elementor-element elementor-element-59a436b4 e-flex e-con-boxed e-con e-parent\" data-id=\"59a436b4\" data-element_type=\"container\" data-settings=\"{&quot;background_background&quot;:&quot;classic&quot;}\">\n\t\t\t\t\t<div class=\"e-con-inner\">\n\t\t<div class=\"elementor-element elementor-element-7fe03654 e-con-full e-flex e-con e-child\" data-id=\"7fe03654\" data-element_type=\"container\">\n\t\t\t\t<div class=\"elementor-element elementor-element-740233db elementor-widget elementor-widget-heading\" data-id=\"740233db\" data-element_type=\"widget\" data-widget_type=\"heading.default\">\n\t\t\t\t<div class=\"elementor-widget-container\">\n\t\t\t\t\t<h1 class=\"elementor-heading-title elementor-size-default\">Zarz\u0105dzanie najmem<\/h1>\t\t\t\t<\/div>\n\t\t\t\t<\/div>\n\t\t\t\t<div class=\"elementor-element elementor-element-6e32aca elementor-widget elementor-widget-text-editor\" data-id=\"6e32aca\" data-element_type=\"widget\" data-widget_type=\"text-editor.default\">\n\t\t\t\t<div class=\"elementor-widget-container\">\n\t\t\t\t\t\t\t\t\t<p class=\"p1\">Wynajmij bez stresu \u2013 Tw\u00f3j zysk, nasza praca.<\/p>\t\t\t\t\t\t\t\t<\/div>\n\t\t\t\t<\/div>\n\t\t\t\t<\/div>\n\t\t<div class=\"elementor-element elementor-element-787ab5a4 e-con-full e-flex e-con e-child\" data-id=\"787ab5a4\" data-element_type=\"container\">\n\t\t\t\t<div class=\"elementor-element elementor-element-40fefbf1 elementor-widget elementor-widget-text-editor\" data-id=\"40fefbf1\" data-element_type=\"widget\" data-widget_type=\"text-editor.default\">\n\t\t\t\t<div class=\"elementor-widget-container\">\n\t\t\t\t\t\t\t\t\t<p class=\"p1\">Powierzaj\u0105c nam swoj\u0105 nieruchomo\u015b\u0107, zyskujesz \u015bwi\u0119ty spok\u00f3j \u2013 to my zajmujemy si\u0119 wszystkim, co zwi\u0105zane z wynajmem. Zarz\u0105dzamy najmem kr\u00f3tko- i d\u0142ugoterminowym w Twoim imieniu, maksymalizuj\u0105c zysk i chroni\u0105c Twoje interesy. Zapewniamy indywidualne podej\u015bcie do ka\u017cdej nieruchomo\u015bci \u2013 jak do w\u0142asnej inwestycji.<\/p>\t\t\t\t\t\t\t\t<\/div>\n\t\t\t\t<\/div>\n\t\t\t\t<\/div>\n\t\t\t\t\t<\/div>\n\t\t\t\t<\/div>\n\t\t<div class=\"elementor-element elementor-element-ccae28c e-flex e-con-boxed e-con e-parent\" data-id=\"ccae28c\" data-element_type=\"container\" data-settings=\"{&quot;background_background&quot;:&quot;classic&quot;}\">\n\t\t\t\t\t<div class=\"e-con-inner\">\n\t\t<div class=\"elementor-element elementor-element-f2858f3 e-con-full e-flex e-con e-child\" data-id=\"f2858f3\" data-element_type=\"container\">\n\t\t<div class=\"elementor-element elementor-element-200b1bc e-flex e-con-boxed e-con e-child\" data-id=\"200b1bc\" data-element_type=\"container\" data-settings=\"{&quot;background_background&quot;:&quot;classic&quot;}\">\n\t\t\t\t\t<div class=\"e-con-inner\">\n\t\t\t\t<div class=\"elementor-element elementor-element-a6ba74f elementor-widget elementor-widget-heading\" data-id=\"a6ba74f\" data-element_type=\"widget\" data-widget_type=\"heading.default\">\n\t\t\t\t<div class=\"elementor-widget-container\">\n\t\t\t\t\t<h2 class=\"elementor-heading-title elementor-size-default\">W ramach us\u0142ugi zarz\u0105dzania najmem zajmujemy si\u0119:<\/h2>\t\t\t\t<\/div>\n\t\t\t\t<\/div>\n\t\t\t\t\t<\/div>\n\t\t\t\t<\/div>\n\t\t\t\t<\/div>\n\t\t\t\t\t<\/div>\n\t\t\t\t<\/div>\n\t\t<div class=\"elementor-element elementor-element-4cd9cc5b e-flex e-con-boxed e-con e-parent\" data-id=\"4cd9cc5b\" data-element_type=\"container\">\n\t\t\t\t\t<div class=\"e-con-inner\">\n\t\t<div class=\"elementor-element elementor-element-20f14476 e-con-full e-flex e-con e-child\" data-id=\"20f14476\" data-element_type=\"container\">\n\t\t<div class=\"elementor-element elementor-element-5f2149c9 e-con-full e-flex e-con e-child\" data-id=\"5f2149c9\" data-element_type=\"container\">\n\t\t<div class=\"elementor-element elementor-element-326b3a98 e-con-full e-flex e-con e-child\" data-id=\"326b3a98\" data-element_type=\"container\">\n\t\t\t\t<div class=\"elementor-element elementor-element-4f9f6da elementor-widget elementor-widget-heading\" data-id=\"4f9f6da\" data-element_type=\"widget\" data-widget_type=\"heading.default\">\n\t\t\t\t<div class=\"elementor-widget-container\">\n\t\t\t\t\t<h3 class=\"elementor-heading-title elementor-size-default\">Przygotowaniem nieruchomo\u015bci do wynajmu<\/h3>\t\t\t\t<\/div>\n\t\t\t\t<\/div>\n\t\t\t\t<div class=\"elementor-element elementor-element-7155814 elementor-widget elementor-widget-text-editor\" data-id=\"7155814\" data-element_type=\"widget\" data-widget_type=\"text-editor.default\">\n\t\t\t\t<div class=\"elementor-widget-container\">\n\t\t\t\t\t\t\t\t\t<p class=\"p1\">Doradzimy w kwestii wyposa\u017cenia, wykonamy profesjonalne zdj\u0119cia i atrakcyjny opis oferty.<\/p>\t\t\t\t\t\t\t\t<\/div>\n\t\t\t\t<\/div>\n\t\t\t\t<div class=\"elementor-element elementor-element-4f09de2 elementor-widget elementor-widget-spacer\" data-id=\"4f09de2\" data-element_type=\"widget\" data-widget_type=\"spacer.default\">\n\t\t\t\t<div class=\"elementor-widget-container\">\n\t\t\t\t\t\t\t<div class=\"elementor-spacer\">\n\t\t\t<div class=\"elementor-spacer-inner\"><\/div>\n\t\t<\/div>\n\t\t\t\t\t\t<\/div>\n\t\t\t\t<\/div>\n\t\t\t\t<div class=\"elementor-element elementor-element-311a02f elementor-widget elementor-widget-heading\" data-id=\"311a02f\" data-element_type=\"widget\" data-widget_type=\"heading.default\">\n\t\t\t\t<div class=\"elementor-widget-container\">\n\t\t\t\t\t<h3 class=\"elementor-heading-title elementor-size-default\">Weryfikacj\u0105 najemc\u00f3w<\/h3>\t\t\t\t<\/div>\n\t\t\t\t<\/div>\n\t\t\t\t<div class=\"elementor-element elementor-element-25d4c79 elementor-widget elementor-widget-text-editor\" data-id=\"25d4c79\" data-element_type=\"widget\" data-widget_type=\"text-editor.default\">\n\t\t\t\t<div class=\"elementor-widget-container\">\n\t\t\t\t\t\t\t\t\t<p class=\"p1\">Dok\u0142adnie sprawdzamy potencjalnych najemc\u00f3w pod k\u0105tem wyp\u0142acalno\u015bci i wiarygodno\u015bci, by\u015b mia\u0142 pewno\u015b\u0107 co do os\u00f3b zamieszkuj\u0105cych Tw\u00f3j lokal.<\/p>\t\t\t\t\t\t\t\t<\/div>\n\t\t\t\t<\/div>\n\t\t\t\t<div class=\"elementor-element elementor-element-5522578 elementor-widget elementor-widget-spacer\" data-id=\"5522578\" data-element_type=\"widget\" data-widget_type=\"spacer.default\">\n\t\t\t\t<div class=\"elementor-widget-container\">\n\t\t\t\t\t\t\t<div class=\"elementor-spacer\">\n\t\t\t<div class=\"elementor-spacer-inner\"><\/div>\n\t\t<\/div>\n\t\t\t\t\t\t<\/div>\n\t\t\t\t<\/div>\n\t\t\t\t<div class=\"elementor-element elementor-element-5321a84 elementor-widget elementor-widget-heading\" data-id=\"5321a84\" data-element_type=\"widget\" data-widget_type=\"heading.default\">\n\t\t\t\t<div class=\"elementor-widget-container\">\n\t\t\t\t\t<h3 class=\"elementor-heading-title elementor-size-default\">Bie\u017c\u0105cym nadzorem i rozliczeniami<\/h3>\t\t\t\t<\/div>\n\t\t\t\t<\/div>\n\t\t\t\t<div class=\"elementor-element elementor-element-6ea659f elementor-widget elementor-widget-text-editor\" data-id=\"6ea659f\" data-element_type=\"widget\" data-widget_type=\"text-editor.default\">\n\t\t\t\t<div class=\"elementor-widget-container\">\n\t\t\t\t\t\t\t\t\t<p class=\"p1\">Kontrolujemy terminowo\u015b\u0107 p\u0142atno\u015bci czynszu i op\u0142at licznikowych, reagujemy na zg\u0142oszenia usterek i awarii, organizujemy niezb\u0119dne naprawy oraz regularnie sprawdzamy stan mieszkania.<\/p>\t\t\t\t\t\t\t\t<\/div>\n\t\t\t\t<\/div>\n\t\t\t\t<div class=\"elementor-element elementor-element-cb599d7 elementor-widget elementor-widget-spacer\" data-id=\"cb599d7\" data-element_type=\"widget\" data-widget_type=\"spacer.default\">\n\t\t\t\t<div class=\"elementor-widget-container\">\n\t\t\t\t\t\t\t<div class=\"elementor-spacer\">\n\t\t\t<div class=\"elementor-spacer-inner\"><\/div>\n\t\t<\/div>\n\t\t\t\t\t\t<\/div>\n\t\t\t\t<\/div>\n\t\t\t\t<div class=\"elementor-element elementor-element-4f4a996 elementor-widget elementor-widget-heading\" data-id=\"4f4a996\" data-element_type=\"widget\" data-widget_type=\"heading.default\">\n\t\t\t\t<div class=\"elementor-widget-container\">\n\t\t\t\t\t<h3 class=\"elementor-heading-title elementor-size-default\">Raportowanie<\/h3>\t\t\t\t<\/div>\n\t\t\t\t<\/div>\n\t\t\t\t<div class=\"elementor-element elementor-element-9268d33 elementor-widget elementor-widget-text-editor\" data-id=\"9268d33\" data-element_type=\"widget\" data-widget_type=\"text-editor.default\">\n\t\t\t\t<div class=\"elementor-widget-container\">\n\t\t\t\t\t\t\t\t\t<p class=\"p1\">Przekazujemy Ci regularne raporty z przebiegu najmu, rozliczenia finansowe oraz w razie potrzeby \u2013 propozycje optymalizacji (np. podniesienia czynszu, ulepszenia mieszkania pod k\u0105tem zwi\u0119kszenia atrakcyjno\u015bci).<\/p>\t\t\t\t\t\t\t\t<\/div>\n\t\t\t\t<\/div>\n\t\t\t\t<\/div>\n\t\t<div class=\"elementor-element elementor-element-3735b430 e-con-full e-flex e-con e-child\" data-id=\"3735b430\" data-element_type=\"container\">\n\t\t\t\t<div class=\"elementor-element elementor-element-35d28df0 elementor-widget elementor-widget-heading\" data-id=\"35d28df0\" data-element_type=\"widget\" data-widget_type=\"heading.default\">\n\t\t\t\t<div class=\"elementor-widget-container\">\n\t\t\t\t\t<h3 class=\"elementor-heading-title elementor-size-default\">Marketingiem i znalezieniem najemcy<\/h3>\t\t\t\t<\/div>\n\t\t\t\t<\/div>\n\t\t\t\t<div class=\"elementor-element elementor-element-710663af elementor-widget elementor-widget-text-editor\" data-id=\"710663af\" data-element_type=\"widget\" data-widget_type=\"text-editor.default\">\n\t\t\t\t<div class=\"elementor-widget-container\">\n\t\t\t\t\t\t\t\t\t<p class=\"p1\">Opublikujemy og\u0142oszenia na odpowiednich portalach, i zajmiemy si\u0119 marketingiem. Odpowiemy na zapytania i przeprowadzimy prezentacje lokalu.<\/p>\t\t\t\t\t\t\t\t<\/div>\n\t\t\t\t<\/div>\n\t\t\t\t<div class=\"elementor-element elementor-element-7bb291c8 elementor-widget elementor-widget-spacer\" data-id=\"7bb291c8\" data-element_type=\"widget\" data-widget_type=\"spacer.default\">\n\t\t\t\t<div class=\"elementor-widget-container\">\n\t\t\t\t\t\t\t<div class=\"elementor-spacer\">\n\t\t\t<div class=\"elementor-spacer-inner\"><\/div>\n\t\t<\/div>\n\t\t\t\t\t\t<\/div>\n\t\t\t\t<\/div>\n\t\t\t\t<div class=\"elementor-element elementor-element-4feb9e43 elementor-widget elementor-widget-heading\" data-id=\"4feb9e43\" data-element_type=\"widget\" data-widget_type=\"heading.default\">\n\t\t\t\t<div class=\"elementor-widget-container\">\n\t\t\t\t\t<h3 class=\"elementor-heading-title elementor-size-default\">Obs\u0142ug\u0105 umowy i formalno\u015bci<\/h3>\t\t\t\t<\/div>\n\t\t\t\t<\/div>\n\t\t\t\t<div class=\"elementor-element elementor-element-32325cd2 elementor-widget elementor-widget-text-editor\" data-id=\"32325cd2\" data-element_type=\"widget\" data-widget_type=\"text-editor.default\">\n\t\t\t\t<div class=\"elementor-widget-container\">\n\t\t\t\t\t\t\t\t\t<p class=\"p1\">Przygotujemy i podpiszemy w Twoim imieniu umow\u0119 najmu (korzystaj\u0105c ze sprawdzonych wzor\u00f3w), zadbamy o protok\u00f3\u0142 zdawczo-odbiorczy, pobranie kaucji i wszelkie wymogi prawne.<\/p>\t\t\t\t\t\t\t\t<\/div>\n\t\t\t\t<\/div>\n\t\t\t\t<div class=\"elementor-element elementor-element-2ac82f6 elementor-widget elementor-widget-spacer\" data-id=\"2ac82f6\" data-element_type=\"widget\" data-widget_type=\"spacer.default\">\n\t\t\t\t<div class=\"elementor-widget-container\">\n\t\t\t\t\t\t\t<div class=\"elementor-spacer\">\n\t\t\t<div class=\"elementor-spacer-inner\"><\/div>\n\t\t<\/div>\n\t\t\t\t\t\t<\/div>\n\t\t\t\t<\/div>\n\t\t\t\t<div class=\"elementor-element elementor-element-4a4f68a3 elementor-widget elementor-widget-heading\" data-id=\"4a4f68a3\" data-element_type=\"widget\" data-widget_type=\"heading.default\">\n\t\t\t\t<div class=\"elementor-widget-container\">\n\t\t\t\t\t<h3 class=\"elementor-heading-title elementor-size-default\">Kontakt z najemc\u0105<\/h3>\t\t\t\t<\/div>\n\t\t\t\t<\/div>\n\t\t\t\t<div class=\"elementor-element elementor-element-37e23077 elementor-widget elementor-widget-text-editor\" data-id=\"37e23077\" data-element_type=\"widget\" data-widget_type=\"text-editor.default\">\n\t\t\t\t<div class=\"elementor-widget-container\">\n\t\t\t\t\t\t\t\t\t<p class=\"p1\">Jeste\u015bmy pierwszym punktem kontaktu dla najemcy, rozwi\u0105zujemy bie\u017c\u0105ce problemy i odpowiadamy na pytania, odci\u0105\u017caj\u0105c Ci\u0119 ca\u0142kowicie od obowi\u0105zk\u00f3w w\u0142a\u015bciciela.<\/p>\t\t\t\t\t\t\t\t<\/div>\n\t\t\t\t<\/div>\n\t\t\t\t<div class=\"elementor-element elementor-element-21f02078 elementor-widget elementor-widget-spacer\" data-id=\"21f02078\" data-element_type=\"widget\" data-widget_type=\"spacer.default\">\n\t\t\t\t<div class=\"elementor-widget-container\">\n\t\t\t\t\t\t\t<div class=\"elementor-spacer\">\n\t\t\t<div class=\"elementor-spacer-inner\"><\/div>\n\t\t<\/div>\n\t\t\t\t\t\t<\/div>\n\t\t\t\t<\/div>\n\t\t\t\t<\/div>\n\t\t\t\t<\/div>\n\t\t\t\t<\/div>\n\t\t\t\t\t<\/div>\n\t\t\t\t<\/div>\n\t\t<div class=\"elementor-element elementor-element-4b1fd3e7 e-flex e-con-boxed e-con e-parent\" data-id=\"4b1fd3e7\" data-element_type=\"container\" data-settings=\"{&quot;background_background&quot;:&quot;classic&quot;}\">\n\t\t\t\t\t<div class=\"e-con-inner\">\n\t\t<div class=\"elementor-element elementor-element-7021b616 e-con-full e-flex e-con e-child\" data-id=\"7021b616\" data-element_type=\"container\">\n\t\t<div class=\"elementor-element elementor-element-548ab6d7 e-flex e-con-boxed e-con e-child\" data-id=\"548ab6d7\" data-element_type=\"container\">\n\t\t\t\t\t<div class=\"e-con-inner\">\n\t\t\t\t<div class=\"elementor-element elementor-element-f2fbff5 elementor-widget elementor-widget-text-editor\" data-id=\"f2fbff5\" data-element_type=\"widget\" data-widget_type=\"text-editor.default\">\n\t\t\t\t<div class=\"elementor-widget-container\">\n\t\t\t\t\t\t\t\t\t<p class=\"p1\">Dzi\u0119ki nam wynajem Twojej nieruchomo\u015bci staje si\u0119 bezproblemowy \u2013 nie musisz martwi\u0107 si\u0119 formalno\u015bciami ani szuka\u0107 najemc\u00f3w. Ty otrzymujesz comiesi\u0119czny zysk, a my zajmujemy si\u0119 reszt\u0105.<\/p>\t\t\t\t\t\t\t\t<\/div>\n\t\t\t\t<\/div>\n\t\t\t\t\t<\/div>\n\t\t\t\t<\/div>\n\t\t\t\t<div class=\"elementor-element elementor-element-aa45f66 elementor-widget elementor-widget-heading\" data-id=\"aa45f66\" data-element_type=\"widget\" data-widget_type=\"heading.default\">\n\t\t\t\t<div class=\"elementor-widget-container\">\n\t\t\t\t\t<h2 class=\"elementor-heading-title elementor-size-default\">Masz\nmieszkanie na wynajem?<br>Zle\u0107 nam zarz\u0105dzanie.<\/h2>\t\t\t\t<\/div>\n\t\t\t\t<\/div>\n\t\t\t\t<div class=\"elementor-element elementor-element-123a958 elementor-align-center elementor-widget elementor-widget-button\" data-id=\"123a958\" data-element_type=\"widget\" data-widget_type=\"button.default\">\n\t\t\t\t<div class=\"elementor-widget-container\">\n\t\t\t\t\t\t\t\t\t<div class=\"elementor-button-wrapper\">\n\t\t\t\t\t<a class=\"elementor-button elementor-button-link elementor-size-sm elementor-animation-shrink\" href=\"https:\/\/prestiznieruchomosci.pl\/index.php\/kontakt\/\">\n\t\t\t\t\t\t<span class=\"elementor-button-content-wrapper\">\n\t\t\t\t\t\t\t\t\t<span class=\"elementor-button-text\">KONTAKT<\/span>\n\t\t\t\t\t<\/span>\n\t\t\t\t\t<\/a>\n\t\t\t\t<\/div>\n\t\t\t\t\t\t\t\t<\/div>\n\t\t\t\t<\/div>\n\t\t\t\t<\/div>\n\t\t\t\t\t<\/div>\n\t\t\t\t<\/div>\n\t\t\t\t<\/div>\n\t\t","protected":false},"excerpt":{"rendered":"<p>Zarz\u0105dzanie najmem Wynajmij bez stresu \u2013 Tw\u00f3j zysk, nasza praca. Powierzaj\u0105c nam swoj\u0105 nieruchomo\u015b\u0107, zyskujesz \u015bwi\u0119ty spok\u00f3j \u2013 to my zajmujemy si\u0119 wszystkim, co zwi\u0105zane z wynajmem. Zarz\u0105dzamy najmem kr\u00f3tko- i d\u0142ugoterminowym w Twoim imieniu, maksymalizuj\u0105c zysk i chroni\u0105c Twoje interesy. Zapewniamy indywidualne podej\u015bcie do ka\u017cdej nieruchomo\u015bci \u2013 jak do w\u0142asnej inwestycji. W ramach us\u0142ugi [&hellip;]<\/p>\n","protected":false},"author":1,"featured_media":0,"parent":0,"menu_order":0,"comment_status":"closed","ping_status":"closed","template":"elementor_header_footer","meta":{"footnotes":""},"class_list":["post-445","page","type-page","status-publish","hentry"],"_links":{"self":[{"href":"https:\/\/prestiznieruchomosci.pl\/index.php\/wp-json\/wp\/v2\/pages\/445","targetHints":{"allow":["GET"]}}],"collection":[{"href":"https:\/\/prestiznieruchomosci.pl\/index.php\/wp-json\/wp\/v2\/pages"}],"about":[{"href":"https:\/\/prestiznieruchomosci.pl\/index.php\/wp-json\/wp\/v2\/types\/page"}],"author":[{"embeddable":true,"href":"https:\/\/prestiznieruchomosci.pl\/index.php\/wp-json\/wp\/v2\/users\/1"}],"replies":[{"embeddable":true,"href":"https:\/\/prestiznieruchomosci.pl\/index.php\/wp-json\/wp\/v2\/comments?post=445"}],"version-history":[{"count":103,"href":"https:\/\/prestiznieruchomosci.pl\/index.php\/wp-json\/wp\/v2\/pages\/445\/revisions"}],"predecessor-version":[{"id":1103,"href":"https:\/\/prestiznieruchomosci.pl\/index.php\/wp-json\/wp\/v2\/pages\/445\/revisions\/1103"}],"wp:attachment":[{"href":"https:\/\/prestiznieruchomosci.pl\/index.php\/wp-json\/wp\/v2\/media?parent=445"}],"curies":[{"name":"wp","href":"https:\/\/api.w.org\/{rel}","templated":true}]}}